{"id":63,"date":"2023-12-07T10:23:09","date_gmt":"2023-12-07T09:23:09","guid":{"rendered":"https:\/\/feedback.hfg-offenbach.de\/?page_id=63"},"modified":"2025-01-16T10:02:26","modified_gmt":"2025-01-16T09:02:26","slug":"anliegen-antidiskriminierung","status":"publish","type":"page","link":"https:\/\/feedback.hfg-offenbach.de\/?page_id=63","title":{"rendered":"Anliegen &#8211; Diskriminierung&#8230; sexualisierte Bel\u00e4stigung und Machtmissbrauch"},"content":{"rendered":"\n<h2 class=\"wp-block-heading has-text-align-center\">Antidiskriminierung<\/h2>\n\n\n\n<p><strong>Meldeformular<\/strong><br><strong>Meldung von Diskriminierung, sexualisierte Bel\u00e4stigung und Machtmissbrauch<\/strong><br>Dieses Formular bietet Ihnen die M\u00f6glichkeit, einen Vorfall an der Hochschule f\u00fcr Gestaltung zu melden. Dabei k\u00f6nnen Sie zwischen verschiedenen Kategorien w\u00e4hlen, wie Machtmissbrauch, Diskriminierung oder sexualisierte Bel\u00e4stigung. Wenn gew\u00fcnscht, kann auch eine Beschwerde zur Bearbeitung durch die Beschwerdestelle eingereicht werden.<br><\/p>\n\n\n\n<p><strong>Das Formular dient dazu:<\/strong><\/p>\n\n\n\n<ul class=\"wp-block-list\">\n<li>Beratung und Unterst\u00fctzung anzubieten,<\/li>\n\n\n\n<li>ein Beschwerdeverfahren einzuleiten, falls gew\u00fcnscht,<\/li>\n\n\n\n<li>Vorf\u00e4lle zu dokumentieren, um geeignete Pr\u00e4ventionsma\u00dfnahmen an der Hochschule zu entwickeln.<\/li>\n<\/ul>\n\n\n\n<p><strong>Wichtige Hinweise:<\/strong><\/p>\n\n\n\n<ul class=\"wp-block-list\">\n<li>Ihre Daten werden vertraulich und gem\u00e4\u00df der Datenschutzgrundverordnung (DSGVO) behandelt.<\/li>\n\n\n\n<li>Anonyme Meldungen sind m\u00f6glich, erlauben jedoch keine R\u00fcckfragen oder gezielte Unterst\u00fctzung.<\/li>\n\n\n\n<li>Falls konkrete Hinweise auf eine akute Gef\u00e4hrdung vorliegen, ist die Hochschule verpflichtet, geeignete Ma\u00dfnahmen zu pr\u00fcfen.<\/li>\n\n\n\n<li>Beachten Sie, dass eine formale Beschwerde an die interne Beschwerdestelle nach AGG&nbsp; weitergeleitet wird. (Eine vorherige Beratung wird empfohlen.)<\/li>\n\n\n\n<li>Um Unterst\u00fctzung und Schutz zu gew\u00e4hrleisten, empfehlen wir eine vertrauliche Kontaktaufnahme mit den Beratungsstellen.<\/li>\n\n\n\n<li>Bitte beachten Sie, dass aufgrund Urlaubszeiten die Beratungsleistung nicht immer uneingeschr\u00e4nkt gew\u00e4hrleistet werden kann. Wir bem\u00fchen uns jedoch, Ihr Anliegen so schnell wie m\u00f6glich zu bearbeiten. Sie findet auf der Homepage weitere <a href=\"https:\/\/www.hfg-offenbach.de\/de\/pages\/hilfsangebote-uebersicht?preview=1#externe-beratungsstellen\">externe Anlaufstellen<\/a>.<\/li>\n<\/ul>\n\n\n\n<div class=\"wp-block-columns alignwide is-layout-flex wp-container-core-columns-is-layout-28f84493 wp-block-columns-is-layout-flex\">\n<div class=\"wp-block-column is-layout-flow wp-block-column-is-layout-flow\" style=\"flex-basis:100%\">\n<p><strong>Kontaktaufnahme<\/strong><\/p>\n<\/div>\n<\/div>\n\n\n\n<div class=\"wp-block-columns alignwide is-layout-flex wp-container-core-columns-is-layout-28f84493 wp-block-columns-is-layout-flex\">\n<div class=\"wp-block-column is-layout-flow wp-block-column-is-layout-flow\" style=\"flex-basis:100%\">\n<div class=\"wpcf7 no-js\" id=\"wpcf7-f62-o1\" lang=\"de-DE\" dir=\"ltr\" data-wpcf7-id=\"62\">\n<div class=\"screen-reader-response\"><p role=\"status\" aria-live=\"polite\" aria-atomic=\"true\"><\/p> <ul><\/ul><\/div>\n<form action=\"\/index.php?rest_route=%2Fwp%2Fv2%2Fpages%2F63#wpcf7-f62-o1\" method=\"post\" class=\"wpcf7-form init wpcf7-acceptance-as-validation\" aria-label=\"Kontaktformular\" novalidate=\"novalidate\" data-status=\"init\">\n<fieldset class=\"hidden-fields-container\"><input type=\"hidden\" name=\"_wpcf7\" value=\"62\" \/><input type=\"hidden\" name=\"_wpcf7_version\" value=\"6.1.5\" \/><input type=\"hidden\" name=\"_wpcf7_locale\" value=\"de_DE\" \/><input type=\"hidden\" name=\"_wpcf7_unit_tag\" value=\"wpcf7-f62-o1\" \/><input type=\"hidden\" name=\"_wpcf7_container_post\" value=\"0\" \/><input type=\"hidden\" name=\"_wpcf7_posted_data_hash\" value=\"\" \/>\n<\/fieldset>\n<p><label> Name (optional):<br \/>\n<span class=\"wpcf7-form-control-wrap\" data-name=\"your-name\"><input size=\"40\" maxlength=\"400\" class=\"wpcf7-form-control wpcf7-text\" aria-invalid=\"false\" value=\"\" type=\"text\" name=\"your-name\" \/><\/span> <\/label>\n<\/p>\n<p><label> E-Mail Adresse (optional):<br \/>\n<span class=\"wpcf7-form-control-wrap\" data-name=\"E-MailOption\"><input size=\"40\" maxlength=\"400\" class=\"wpcf7-form-control wpcf7-email wpcf7-text wpcf7-validates-as-email\" aria-invalid=\"false\" value=\"\" type=\"email\" name=\"E-MailOption\" \/><\/span> <\/label>\n<\/p>\n<p><label>Pronomen und Positionierung (optional):<br \/>\n<span class=\"wpcf7-form-control-wrap\" data-name=\"Pronomen\"><input size=\"40\" maxlength=\"400\" class=\"wpcf7-form-control wpcf7-text\" aria-invalid=\"false\" value=\"\" type=\"text\" name=\"Pronomen\" \/><\/span> <\/label>\n<\/p>\n<p><label>Betreff<\/label><br \/>\n<span class=\"wpcf7-form-control-wrap\" data-name=\"your-subject\"><input size=\"40\" maxlength=\"400\" class=\"wpcf7-form-control wpcf7-text wpcf7-validates-as-required\" aria-required=\"true\" aria-invalid=\"false\" value=\"\" type=\"text\" name=\"your-subject\" \/><\/span>\n<\/p>\n<p><label>Anliegen<\/label><br \/>\n<span class=\"wpcf7-form-control-wrap\" data-name=\"include_blank\"><select class=\"wpcf7-form-control wpcf7-select\" aria-invalid=\"false\" multiple=\"multiple\" name=\"include_blank[]\"><option value=\"Ich bitte um einen vertraulichen Beratungstermin (Kontakt E-Mailadresse notwendig)\">Ich bitte um einen vertraulichen Beratungstermin (Kontakt E-Mailadresse notwendig)<\/option><option value=\"Ich m\u00f6chte einen Vorfall dokumentieren\">Ich m\u00f6chte einen Vorfall dokumentieren<\/option><option value=\"Ich m\u00f6chte eine formale Beschwerde (gem\u00e4\u00df der Richtlinie zur Allgemeinen Gleichbehandlung) einreichen. (Kontaktdaten sind notwendig)\">Ich m\u00f6chte eine formale Beschwerde (gem\u00e4\u00df der Richtlinie zur Allgemeinen Gleichbehandlung) einreichen. (Kontaktdaten sind notwendig)<\/option><\/select><\/span>\n<\/p>\n<p><b>Art des Vorfalls<\/b><br \/>\nWelche Kategorie(n) beschreibt\/beschreiben den Vorfall? (Eine oder mehrere Antworten m\u00f6glich).\n<\/p>\n<p><b>1. Diskriminierungskategorien<\/b>\n<\/p>\n<p><label>Diskriminierung (gem\u00e4\u00df \u00a7 1 AGG und Richtlinie zur Allgemeinen Gleichbehandlung der HfG) aufgrund:<\/label><br \/>\n<span class=\"wpcf7-form-control-wrap\" data-name=\"include_blank\"><select class=\"wpcf7-form-control wpcf7-select\" aria-invalid=\"false\" multiple=\"multiple\" name=\"include_blank[]\"><option value=\"Geschlecht\">Geschlecht<\/option><option value=\"Ethnischer Herkunft, rassistischer oder antisemitischer Zuschreibungen, der geschlechtlichen Identit\u00e4t und geschlechtlicher Zuschreibungen\">Ethnischer Herkunft, rassistischer oder antisemitischer Zuschreibungen, der geschlechtlichen Identit\u00e4t und geschlechtlicher Zuschreibungen<\/option><option value=\"Sexuellen Orientierung, einer Behinderung, chronischen Erkrankung oder einer psychischen bzw. seelischen Beeintr\u00e4chtigung\">Sexuellen Orientierung, einer Behinderung, chronischen Erkrankung oder einer psychischen bzw. seelischen Beeintr\u00e4chtigung<\/option><option value=\"Der sozialen Herkunft oder des sozialen Status, des Lebensalters, der Sprache, des Familienstatus oder einer Schwangerschaft\">Der sozialen Herkunft oder des sozialen Status, des Lebensalters, der Sprache, des Familienstatus oder einer Schwangerschaft<\/option><option value=\"der religi\u00f6sen und\/oder weltanschaulichen Orientierung oder politischen Gesinnung, des Aussehens\">der religi\u00f6sen und\/oder weltanschaulichen Orientierung oder politischen Gesinnung, des Aussehens<\/option><option value=\"Sexualisierte Bel\u00e4stigung: Anz\u00fcgliche Bemerkungen und Witze, Unerw\u00fcnschte k\u00f6rperliche Ber\u00fchrungen, sexualisierte \u00dcbergriffe, unerw\u00fcnschtes Zeigen pronografischer Filme, Bilder\">Sexualisierte Bel\u00e4stigung: Anz\u00fcgliche Bemerkungen und Witze, Unerw\u00fcnschte k\u00f6rperliche Ber\u00fchrungen, sexualisierte \u00dcbergriffe, unerw\u00fcnschtes Zeigen pronografischer Filme, Bilder<\/option><option value=\"Diebstahl geistigen Eigentums (wissenschaftliches Fehlverhalten)\">Diebstahl geistigen Eigentums (wissenschaftliches Fehlverhalten)<\/option><option value=\"Sonstiges:\">Sonstiges:<\/option><\/select><\/span>&nbsp;<span class=\"wpcf7-form-control-wrap\" data-name=\"SonstigesDiskriminierungskategorien\"><input size=\"40\" maxlength=\"400\" class=\"wpcf7-form-control wpcf7-text\" aria-invalid=\"false\" value=\"\" type=\"text\" name=\"SonstigesDiskriminierungskategorien\" \/><\/span>\n<\/p>\n<p><b>2. Machtmissbrauchskategorien<\/b>\n<\/p>\n<p><label>Diskriminierung (gem\u00e4\u00df \u00a7 1 AGG und Richtlinie zur Allgemeinen Gleichbehandlung der HfG) aufgrund:<\/label><br \/>\n<span class=\"wpcf7-form-control-wrap\" data-name=\"include_blank\"><select class=\"wpcf7-form-control wpcf7-select\" aria-invalid=\"false\" multiple=\"multiple\" name=\"include_blank[]\"><option value=\"Manipulation (\u201cgaslighting\u201d)\">Manipulation (\u201cgaslighting\u201d)<\/option><option value=\"Herabw\u00fcrdigung oder Blo\u00dfstellung\">Herabw\u00fcrdigung oder Blo\u00dfstellung<\/option><option value=\"Drohungen  und Einsch\u00fcchterungsversuche\">Drohungen  und Einsch\u00fcchterungsversuche<\/option><option value=\"Mobbing und Bossing\">Mobbing und Bossing<\/option><option value=\"Ausschluss oder Isolation\">Ausschluss oder Isolation<\/option><option value=\"Verhinderung der beruflichen Entwicklung\">Verhinderung der beruflichen Entwicklung<\/option><option value=\"Diebstahl geistigen Eigentums (z.B. unrechtm\u00e4\u00dfige Aneignung von Ideen, Arbeiten oder Forschungsergebnissen ohne Zustimmung oder Anerkennung)\">Diebstahl geistigen Eigentums (z.B. unrechtm\u00e4\u00dfige Aneignung von Ideen, Arbeiten oder Forschungsergebnissen ohne Zustimmung oder Anerkennung)<\/option><option value=\"Sonstiges:\">Sonstiges:<\/option><\/select><\/span>&nbsp;<span class=\"wpcf7-form-control-wrap\" data-name=\"SonstigesMachtmissbrauchskategorien\"><input size=\"40\" maxlength=\"400\" class=\"wpcf7-form-control wpcf7-text\" aria-invalid=\"false\" value=\"\" type=\"text\" name=\"SonstigesMachtmissbrauchskategorien\" \/><\/span>\n<\/p>\n<p><b>3. Gewalt<\/b>\n<\/p>\n<p><span class=\"wpcf7-form-control-wrap\" data-name=\"include_blank\"><select class=\"wpcf7-form-control wpcf7-select\" aria-invalid=\"false\" multiple=\"multiple\" name=\"include_blank[]\"><option value=\"K\u00f6rperliche Gewalt\">K\u00f6rperliche Gewalt<\/option><option value=\"Psychische Gewalt (z. B. Drohungen, Einsch\u00fcchterung)\">Psychische Gewalt (z. B. Drohungen, Einsch\u00fcchterung)<\/option><option value=\"Sonstiges:\">Sonstiges:<\/option><\/select><\/span>&nbsp;<span class=\"wpcf7-form-control-wrap\" data-name=\"SonstigesGewalt\"><input size=\"40\" maxlength=\"400\" class=\"wpcf7-form-control wpcf7-text\" aria-invalid=\"false\" value=\"\" type=\"text\" name=\"SonstigesGewalt\" \/><\/span>\n<\/p>\n<p><label>Angaben zum Vorfall Haben Sie den Vorfall erlebt oder beobachtet?<\/label><br \/>\n<span class=\"wpcf7-form-control-wrap\" data-name=\"include_blank\"><select class=\"wpcf7-form-control wpcf7-select\" aria-invalid=\"false\" multiple=\"multiple\" name=\"include_blank[]\"><option value=\"erlebt\">erlebt<\/option><option value=\"beobachtet\">beobachtet<\/option><\/select><\/span>\n<\/p>\n<p><label>Von wem ging die Diskriminierung\/der Machtmissbrauch\/die sexualisierte Bel\u00e4stigung aus: <\/label><br \/>\n<span class=\"wpcf7-form-control-wrap\" data-name=\"include_blank\"><select class=\"wpcf7-form-control wpcf7-select\" aria-invalid=\"false\" multiple=\"multiple\" name=\"include_blank[]\"><option value=\"Professor*in\">Professor*in<\/option><option value=\"Vorgesetzte*r\">Vorgesetzte*r<\/option><option value=\"Lehrbeauftragte*r\">Lehrbeauftragte*r<\/option><option value=\"Studierende\">Studierende<\/option><option value=\"Besch\u00e4ftigte\">Besch\u00e4ftigte<\/option><option value=\"Dritte\">Dritte<\/option><option value=\"Regel\/Vorschrift (institutionelle Diskriminierung)\">Regel\/Vorschrift (institutionelle Diskriminierung)<\/option><\/select><\/span>\n<\/p>\n<p>Haben Sie jemandem von dem Vorfall berichtet, wenn ja wem?<br \/>\n<label>Wann ist der Vorfall geschehen? <\/label><span class=\"wpcf7-form-control-wrap\" data-name=\"Wann\"><input size=\"40\" maxlength=\"400\" class=\"wpcf7-form-control wpcf7-text\" aria-invalid=\"false\" value=\"\" type=\"text\" name=\"Wann\" \/><\/span><br \/>\n<label>Wo ist der Vorfall geschehen? <\/label><span class=\"wpcf7-form-control-wrap\" data-name=\"Wo\"><input size=\"40\" maxlength=\"400\" class=\"wpcf7-form-control wpcf7-text\" aria-invalid=\"false\" value=\"\" type=\"text\" name=\"Wo\" \/><\/span>\n<\/p>\n<p><label>Gab es (weitere) Zeug*innen?<\/label><br \/>\n<span class=\"wpcf7-form-control-wrap\" data-name=\"checkbox-Zeugen\"><span class=\"wpcf7-form-control wpcf7-checkbox\"><span class=\"wpcf7-list-item first\"><input type=\"checkbox\" name=\"checkbox-Zeugen[]\" value=\"Ja\" \/><span class=\"wpcf7-list-item-label\">Ja<\/span><\/span><span class=\"wpcf7-list-item last\"><input type=\"checkbox\" name=\"checkbox-Zeugen[]\" value=\"Nein\" \/><span class=\"wpcf7-list-item-label\">Nein<\/span><\/span><\/span><\/span>\n<\/p>\n<p><label>Beschreibung des Vorfalls:<\/label><br \/>\n<span class=\"wpcf7-form-control-wrap\" data-name=\"Vorfall\"><textarea cols=\"40\" rows=\"10\" maxlength=\"2000\" class=\"wpcf7-form-control wpcf7-textarea\" aria-invalid=\"false\" name=\"Vorfall\"><\/textarea><\/span>\n<\/p>\n<p>Beratungsstellen und Kontakt<br \/>\nFalls Sie Fragen haben, k\u00f6nnen Sie sich direkt an folgende Stellen wenden:<br \/>\n1. Antidiskriminierungsberatung: Funktionsadresse<br \/>\n2. Gleichstellungsberatung: gleichstellung@hfg-offenbach.de\n<\/p>\n<p>Ich habe zu Kenntnis genommen, dass die freiwillige Eingabe personenbezogener Daten in das Kontaktformular nicht Pflicht ist, jedoch den Feedbackbegleiter\/-innen die Einleitung des Feedback-Kl\u00e4rungsprozess erleichtert. Wenn keine freiwillige Eingabe personenbezogener Daten eingegeben sind, ist die Nachricht vollst\u00e4ndig anonym.\n<\/p>\n<p>Weitere Informationen zum Datenschutz k\u00f6nnen in unserer <a href=\"https:\/\/feedback.hfg-offenbach.de\/?page_id=3\" target=\"_blank\" rel=\"noreferrer noopener\" aria-label=\"Datenschutzerkl\u00e4rung (opens in new tab)\">Datenschutzerkl\u00e4rung<\/a>, nachgelesen werden.\n<\/p>\n<p>Bitte Zeichen: <input type=\"hidden\" name=\"_wpcf7_captcha_challenge_captcha-1\" value=\"1182239631\" \/><img loading=\"lazy\" decoding=\"async\" class=\"wpcf7-form-control wpcf7-captchac wpcf7-captcha-captcha-1\" width=\"72\" height=\"24\" alt=\"captcha\" src=\"https:\/\/feedback.hfg-offenbach.de\/wp-content\/uploads\/wpcf7_captcha\/1182239631.png\" \/><br \/>\nhier \u00fcbertragen <span class=\"wpcf7-form-control-wrap\" data-name=\"captcha-1\"><input size=\"40\" class=\"wpcf7-form-control wpcf7-captchar\" autocomplete=\"off\" aria-invalid=\"false\" value=\"\" type=\"text\" name=\"captcha-1\" \/><\/span>\n<\/p>\n<p><input class=\"wpcf7-form-control wpcf7-submit has-spinner\" type=\"submit\" value=\"Senden\" \/>\n<\/p><div class=\"wpcf7-response-output\" aria-hidden=\"true\"><\/div>\n<\/form>\n<\/div>\n\n<\/div>\n<\/div>\n\n\n\n<p><\/p>\n","protected":false},"excerpt":{"rendered":"<p>Antidiskriminierung MeldeformularMeldung von Diskriminierung, sexualisierte Bel\u00e4stigung und MachtmissbrauchDieses Formular bietet Ihnen die M\u00f6glichkeit, einen Vorfall an der Hochschule f\u00fcr Gestaltung zu melden. Dabei k\u00f6nnen Sie zwischen verschiedenen Kategorien w\u00e4hlen, wie Machtmissbrauch, Diskriminierung oder sexualisierte Bel\u00e4stigung. Wenn gew\u00fcnscht, kann auch eine Beschwerde zur Bearbeitung durch die Beschwerdestelle eingereicht werden. Das Formular dient dazu: Wichtige Hinweise: Kontaktaufnahme<\/p>\n","protected":false},"author":2,"featured_media":0,"parent":0,"menu_order":4,"comment_status":"closed","ping_status":"closed","template":"","meta":{"footnotes":""},"class_list":["post-63","page","type-page","status-publish","hentry"],"_links":{"self":[{"href":"https:\/\/feedback.hfg-offenbach.de\/index.php?rest_route=\/wp\/v2\/pages\/63","targetHints":{"allow":["GET"]}}],"collection":[{"href":"https:\/\/feedback.hfg-offenbach.de\/index.php?rest_route=\/wp\/v2\/pages"}],"about":[{"href":"https:\/\/feedback.hfg-offenbach.de\/index.php?rest_route=\/wp\/v2\/types\/page"}],"author":[{"embeddable":true,"href":"https:\/\/feedback.hfg-offenbach.de\/index.php?rest_route=\/wp\/v2\/users\/2"}],"replies":[{"embeddable":true,"href":"https:\/\/feedback.hfg-offenbach.de\/index.php?rest_route=%2Fwp%2Fv2%2Fcomments&post=63"}],"version-history":[{"count":10,"href":"https:\/\/feedback.hfg-offenbach.de\/index.php?rest_route=\/wp\/v2\/pages\/63\/revisions"}],"predecessor-version":[{"id":154,"href":"https:\/\/feedback.hfg-offenbach.de\/index.php?rest_route=\/wp\/v2\/pages\/63\/revisions\/154"}],"wp:attachment":[{"href":"https:\/\/feedback.hfg-offenbach.de\/index.php?rest_route=%2Fwp%2Fv2%2Fmedia&parent=63"}],"curies":[{"name":"wp","href":"https:\/\/api.w.org\/{rel}","templated":true}]}}